5) to base 2.
101
20 (base 9) to base 6
30
-c7 (base 14) to base 4
-2233
Convert -2 (base 4) to base 12.
-2
126 (base 7) to base 16
45
0 (base 3) to base 7
0
65 (base 15) to base 13
74
-90 (base 10) to base 16
-5a
What is 19 (base 11) in base 10?
20
-10 (base 3) to base 15
-3
Convert 2 (base 15) to base 14.
2
Convert -194 (base 11) to base 10.
-224
Convert -b (base 12) to base 9.
-12
-132 (base 4) to base 7
-42
What is -2b (base 15) in base 10?
-41
Convert -11 (base 10) to base 4.
-23
Convert 166 (base 13) to base 4.
3331
What is 4 (base 7) in base 15?
4
Convert 17 (base 13) to base 11.
19
Convert 47 (base 13) to base 7.
113
Convert -27 (base 16) to base 13.
-30
What is 12202 (base 3) in base 14?
b1
Convert 0 (base 12) to base 7.
0
Convert 4 (base 11) to base 6.
4
Convert -4 (base 16) to base 8.
-4
Convert -242 (base 11) to base 9.
-350
What is 6 (base 7) in base 4?
12
-3 (base 4) to base 3
-10
-100 (base 3) to base 13
-9
Convert -2 (base 10) to base 6.
-2
What is -1 (base 9) in base 3?
-1
-3 (base 13) to base 2
-11
What is 2 (base 5) in base 7?
2
What is -5 (base 10) in base 2?
-101
Convert 22 (base 3) to base 12.
8
Convert 32 (base 5) to base 9.
18
5b (base 16) to base 9
111
Convert -10101 (base 2) to base 9.
-23
What is -33 (base 5) in base 11?
-17
What is 230 (base 4) in base 6?
112
12 (base 4) to base 13
6
Convert 142 (base 6) to base 7.
116
What is -102 (base 3) in base 2?
-1011
38 (base 11) to base 3
1112
7a (base 12) to base 13
73
Convert -102 (base 6) to base 14.
-2a
What is 2 (base 16) in base 7?
2
What is 2000 (base 3) in base 11?
4a
Convert -5 (base 16) to base 5.
-10
10 (base 2) to base 15
2
Convert b (base 15) to base 6.
15
-214 (base 6) to base 10
-82
Convert -5 (base 6) to base 9.
-5
What is -50 (base 12) in base 11?
-55
Convert 3d (base 16) to base 10.
61
Convert 87 (base 9) to base 16.
4f
What is 2 (base 14) in base 3?
2
What is 2 (base 7) in base 16?
2
What is 0 (base 14) in base 5?
0
-14 (base 8) to base 15
-c
Convert 350 (base 8) to base 9.
277
Convert -23 (base 7) to base 8.
-21
What is -1002 (base 3) in base 5?
-104
Convert 4c (base 16) to base 3.
2211
Convert 31 (base 12) to base 11.
34
-1 (base 4) to base 9
-1
Convert 24 (base 16) to base 12.
30
Convert -5 (base 13) to base 8.
-5
Convert -4 (base 11) to base 14.
-4
-140 (base 5) to base 7
-63
13 (base 10) to base 2
1101
-30 (base 12) to base 14
-28
Convert -16 (base 9) to base 10.
-15
What is -3 (base 9) in base 14?
-3
-3 (base 11) to base 9
-3
116 (base 11) to base 7
255
What is -63 (base 9) in base 16?
-39
What is -81 (base 9) in base 10?
-73
What is -43 (base 9) in base 13?
-30
188 (base 13) to base 4
10121
209 (base 11) to base 14
13d
9 (base 12) to base 14
9
What is e2 (base 15) in base 12?
158
82 (base 12) to base 11
8a
Convert -563 (base 8) to base 10.
-371
What is -4b (base 12) in base 11?
-54
Convert -20221 (base 3) to base 5.
-1222
2 (base 4) to base 11
2
What is 10 (base 3) in base 8?
3
Convert 15 (base 13) to base 15.
13
What is 31 (base 9) in base 2?
11100
-125 (base 8) to base 7
-151
-8 (base 9) to base 10
-8
Convert 275 (base 8) to base 12.
139
Convert d (base 15) to base 3.
111
What is 68 (base 16) in base 6?
252
-12120 (base 3) to base 11
-127
What is 188 (base 10) in base 8?
274
Convert -24 (base 15) to base 7.
-46
-6 (base 14) to base 9
-6
What is -123 (base 13) in base 3?
-21100
32 (base 8) to base 10
26
Convert 22 (base 6) to base 5.
24
What is 5 (base 9) in base 16?
5
Convert -119 (base 13) to base 11.
-164
Convert -8 (base 16) to base 4.
-20
106 (base 8) to base 15
4a
What is -75 (base 16) in base 13?
-90
0 (base 3) to base 13
0
What is 3 (base 10) in base 4?
3
-1 (base 11) to base 5
-1
-39 (base 16) to base 6
-133
Convert -1d (base 16) to base 14.
-21
-14 (base 10) to base 13
-11
What is 5 (base 16) in base 14?
5
What is -8 (base 10) in base 9?
-8
Convert -1101011 (base 2) to base 14.
-79
What is -7 (base 10) in base 11?
-7
-11010 (base 3) to base 6
-303
-4 (base 15) to base 4
-10
Convert 4 (base 10) to base 12.
4
What is -167 (base 9) in base 8?
-216
What is -121 (base 3) in base 11?
-15
What is -333 (base 5) in base 11?
-85
49 (base 13) to base 4
331
What is -1010011 (base 2) in base 15?
-58
What is e8 (base 15) in base 12?
162
What is 13 (base 16) in base 7?
25
Convert 3 (base 4) to base 14.
3
What is -1101011 (base 2) in base 3?
-10222
What is 7 (base 10) in base 8?
7
What is -2 (base 4) in base 10?
-2
1 (base 6) to base 8
1
1 (base 5) to base 2
1
What is 20 (base 3) in base 12?
6
What is -99 (base 13) in base 14?
-90
300 (base 4) to base 7
66
43 (base 7) to base 6
51
-7 (base 16) to base 5
-12
-3 (base 11) to base 4
-3
Convert 19a (base 15) to base 9.
451
20 (base 8) to base 3
121
1303 (base 4) to base 11
a5
1 (base 16) to base 10
1
What is 0 (base 12) in base 16?
0
4 (base 9) to base 10
4
Convert -17c (base 15) to base 3.
-110200
-30 (base 4) to base 12
-10
Convert 100000 (base 2) to base 3.
1012
Convert -2 (base 6) to base 13.
-2
Convert 152 (base 6) to base 15.
48
Convert 29 (base 15) to base 6.
103
-13 (base 16) to base 5
-34
Convert -110101 (base 2) to base 9.
-58
Convert 8 (base 13) to base 2.
1000
Convert 2 (base 4) to base 15.
2
Convert 7 (base 8) to base 16.
7
-1001001 (base 2) to base 3
-2201
What is 0 (base 15) in base 2?
0
4 (base 6) to base 5
4
What is -2 (base 13) in base 12?
-2
What is 177 (base 13) in base 6?
1123
11 (base 3) to base 10
4
Convert 1 (base 13) to base 16.
1
5 (base 9) to base 10
5
Convert 1a1 (base 12) to base 6.
1121
Convert -30 (base 15) to base 10.
-45
What is 100 (base 16) in base 7?
514
Convert 4 (base 14) to base 16.
4
What is 1032 (base 5) in base 7?
262
What is 4 (base 12) in base 3?
11
-1100 (base 3) to base 12
-30
What is 44 (base 13) in base 4?
320
53 (base 6) to base 14
25
Convert 178 (base 15) to base 9.
415
What is 18 (base 15) in base 2?
10111
Convert -220 (base 4) to base 3.
-1111
What is -4 (base 8) in base 9?
-4
What is -221 (base 3) in base 4?
-121
15 (base 10) to base 11
14
Convert -5 (base 11) to base 6.
-5
Convert -117 (base 9) to base 7.
-166
6 (base 15) to base 14
6
Convert -1011 (base 2) to base 16.
-b
Convert 20220 (base 3) to base 2.
10111010
What is -2 (base 13) in base 3?
-2
What is 40 (base 8) in base 15?
22
Convert 73 (base 8) to base 4.
323
10 (base 16) to base 13
13
Convert 4 (base 16) to base 7.
4
-6a (base 15) to base 5
-400
What is -2 (base 5) in base 2?
-10
What is -59 (base 13) in base 15?
-4e
Convert -1 (base 9) to base 8.
-1
What is -11 (base 9) in base 3?
-101
-20 (base 6) to base 7
-15
Convert -20 (base 15) to base 6.
-50
What is -4 (base 7) in base 6?
-4
13 (base 15) to base 13
15
What is 4 (base 7) in base 3?
11
What is 6 (base 11) in base 7?
6
-66 (base 16) to base 9
-123
Convert 28 (base 9) to base 6.
42
-34 (base 5) to base 16
-13
What is -1000 (base 2) in base 4?
-20
What is -a2 (base 16) in base 2?
-10100010
1111 (base 3) to base 7
55
-2 (base 15) to base 4
-2
What is 1 (base 13) in base 16?
1
What is -35 (base 12) in base 13?
-32
10001 (base 2) to base 7
23
What is -110 (base 2) in base 8?
-6
-44 (base 16) to base 7
-125
Convert -4 (base 15) to base 2.
-100
54 (base 7) to base 13
30
What is 120 (base 5) in base 3?
1022
What is -12 (base 4) in base 14?
-6
What is 140 (base 5) in base 9?
50
Convert 0 (base 10) to base 4.
0
Convert 2012 (base 3) to base 15.
3e
111 (base 8) to base 6
201
Convert -311 (base 5) to base 3.
-10000
What is 10 (base 8) in base 2?
1000
Convert 67 (base 10) to base 3.
2111
-3 (base 13) to base 10
-3
What is -3 (base 6) in base 10?
-3
Convert -a (base 13) to base 3.
-101
2 (base 9) to base 8
2
Convert 8 (base 15) to base 11.
8
-bb (base 13) to base 11
-130
What is -1011 (base 2) in base 3?
-102
Convert 1011011 (base 2) to base 13.
70
Convert -3 (base 10) to base 3.
-10
What is 11000 (base 2) in base 9?
26
Convert 22 (base 11) to base 6.
40
Convert 39 (base 15) to base 5.
204
Convert 16 (base 12) to base 7.
24
Convert 2 (base 9) to base 8.
2
What is 2 (base 11) in base 15?
2
What is -312 (base 5) in base 8?
-122
-3a (base 11) to base 15
-2d
11111 (base 2) to base 6
51
What is 2 (base 15) in base 7?
2
What is 38 (base 15) in base 10?
53
-2121 (base 3) to base 8
-106
What is 241 (base 6) in base 2?
1100001
Convert -11100 (base 2) to base 